Calculate the remainder when q is divided by b.
0
Let q = 63 + 0. Let y = q - 17. What is the remainder when 86 is divided by y?
40
Let y be (-72)/(-5)*(-6 - (4 - 15)). Let m be (-10)/(3/(12*1)). Let k = m + y. What is the remainder when k is divided by 9?
5
Let k(r) = r - 95. Let d be k(-26). Let l = d - -454. Calculate the remainder when l is divided by 48.
45
Let c(q) = 4*q**3 - 13*q**2 + 135*q + 17. Calculate the remainder when c(9) is divided by 163.
161
Let a(h) = -4440*h - 8853. Suppose 2*r - w = -0*w + 209, r - 91 = -4*w. Let k = 182 - r. Calculate the remainder when k is divided by a(-2).
25
Let a = -9417 + 9465. Calculate the remainder when a is divided by 13.
9
Let i(k) = k**2 - 17*k + 36. Let p be i(16). Suppose 24*r - p*r = 92. Suppose 76 = 9*y - r. Calculate the remainder when y is divided by 3.
2
Let s(f) = -12*f + 2. Let j(k) = -473*k - 459. Calculate the remainder when j(-2) is divided by s(-8).
95
Suppose -4*h = -2*h + 4. Let k = h + 3. Let i(j) = -3*j**3 + 190*j**2 + 311*j + 916. What is the remainder when i(65) is divided by k?
0
Suppose -127*y + 62818 = -50*y - 28*y. Calculate the remainder when y is divided by 28.
22
Suppose 61 = -4*r + 301. Suppose -r = -18*q + 3*q. Calculate the remainder when 36 is divided by q.
0
Suppose -2*u + 7 = 5*h - 0*u, -2*h - 5*u = -7. Suppose -368*y + 2*x + 14 = -366*y, x + 25 = 2*y. Calculate the remainder when y is divided by h.
0
Suppose 4*x - 1103 = 556 - 571. What is the remainder when x is divided by 23?
19
Let j(p) = p**2 + 131*p + 2067. Let x = 1952 + -1392. Calculate the remainder when x is divided by j(-18).
32
Let h(j) = 10*j + 124. Let n be h(-13). Calculate the remainder when 165 is divided by 27/n*28/(-3).
39
Suppose 6*r = 2*r + 180. Calculate the remainder when (-868 + -12 - 9)*(-5)/35 is divided by r.
37
Let y = -5059 - -5375. What is the remainder when y is divided by 84?
64
Let c be (-1)/(3/(-8)*-4 - 2). Let d be c/((-3)/(-18)*3). Suppose d*m - 50 = 110. What is the remainder when m is divided by 15?
10
Let p = 1685 - 1645. What is the remainder when 98 is divided by p?
18
What is the remainder when 45 is divided by (-8)/(-10) - 736/(-80)?
5
What is the remainder when (7096/7)/(954/3339) is divided by 39?
38
Suppose 4*f - 436 = -4*w, 173*f = 176*f + 4*w - 335. Calculate the remainder when f is divided by 6.
5
What is the remainder when (257/3)/(121/363) is divided by 61?
13
Let h = -483 + 538. Suppose 2*g + 66 = 282. What is the remainder when g is divided by h?
53
Suppose -3 - 27 = -t. Suppose t = -3*k + 162. What is the remainder when 11 is divided by k/10 + (-3)/(-5)?
1
Suppose 8*c - 70 = c. Let a be ((-36)/8 - -4)*(-1 - 171). Let w = a + -59. What is the remainder when w is divided by c?
7
Let j = 5310 + -5022. What is the remainder when j is divided by 118?
52
Suppose 9*g - 3864 = -867. Calculate the remainder when g is divided by 61.
28
What is the remainder when ((-724)/(-2) + 11)/1 is divided by 135?
103
Suppose -3*r = -130*t + 132*t - 96, -t = -3*r + 96. What is the remainder when 3613 is divided by r?
29
Let j be (-3 + 65 + 2)*22/8. Suppose 561 = 7*t + j. What is the remainder when t is divided by 8?
7
Let c(y) be the second derivative of -y**3/6 + 10*y**2 + y. What is the remainder when 1137/15 + 4/80*4 is divided by c(9)?
10
Let f(y) = -y**3 - 10*y**2 - 10*y + 9. What is the remainder when (-8 - (-95)/10)*1076/6 is divided by f(-9)?
17
Let c = 442 - -528. Suppose -9*m + 5*a = -13*m + 735, 4*a = 5*m - c. What is the remainder when m is divided by 64?
62
Let d = 257 + -132. Let x = 1076 - 1062. What is the remainder when d is divided by x?
13
Suppose -2*g + 7*u = 4*u - 485, 0 = -g + 5*u + 225. What is the remainder when g is divided by 27?
7
Suppose 115 - 27 = x - 2*l, 5*x - 414 = -3*l. Suppose 4*r - 9 = 2*p - 33, -r = 4*p - x. Calculate the remainder when 55 is divided by p.
15
What is the remainder when 12/(0 + 1) + -1 is divided by (2 - (-42)/(-24))/(3/84)?
4
Suppose z = -k + 5 + 6, -2*k = 4*z - 30. Let j be -1 + 6/((-18)/(-33)). Let n = 15 + j. What is the remainder when n is divided by k?
4
Suppose -4*w = 2*r - 60, -3 = w + r - 16. Suppose 0*t - 216 = -t + 3*n, 0 = 5*t + 4*n - 1080. What is the remainder when t is divided by w?
12
Let p(j) = 483*j + 6104. What is the remainder when 701 is divided by p(-12)?
85
Suppose -390*l = -426*l + 3780. Calculate the remainder when 7663 is divided by l.
103
Let c(r) be the third derivative of 13*r**2 + 1/6*r**3 - 1/24*r**4 + 0 + 0*r. Calculate the remainder when 9 is divided by c(-3).
1
Suppose 2*g = -5*x + 2*x - 153, g = -2*x - 103. Let c = x - -58. Suppose 0 = c*k - 2*f - 24, -8*f = -4*f + 8. Calculate the remainder when 7 is divided by k.
3
Suppose -16*u + 109748 = 11876. What is the remainder when u is divided by 14?
13
Let b = -301 - -450. Suppose l + 123 = 4*l. What is the remainder when b is divided by l?
26
Let s be ((-2)/(-6))/((-4 + 3)/3). Let n(p) = -3*p**2 - p + 1. Let x be n(s). Calculate the remainder when 27 is divided by (0/(-2) - x)/(3/18).
3
Suppose w + 1 = 8. Let t(p) = 5*p**2 - 16*p + 26. Let x be t(5). Let u = x + -60. What is the remainder when u is divided by w?
4
Suppose 3*v = 2*i + 9*v + 8, -5*i + 5*v + 120 = 0. What is the remainder when 155 is divided by i?
2
Let m(j) = 4*j**3 + j - 6. Let n(t) = -t**3 - t**2 + t + 1. Let g(r) = m(r) + 2*n(r). What is the remainder when g(2) is divided by 3?
1
Let h(p) be the first derivative of -1/4*p**4 + 2*p**2 + 3*p - 4 + 2*p**3. What is the remainder when 53 is divided by h(6)?
26
Suppose 2637921 = 404*l - 235*l. What is the remainder when l is divided by 67?
65
Suppose -90 = 11*l - 21*l. Suppose -l*d + 11*d = 30. What is the remainder when 89 is divided by d?
14
Let b = 2896 - 21. Suppose 14*v + 11*v - b = 0. Calculate the remainder when v is divided by 30.
25
Let x = 187 + -182. Suppose p - 3*p + 5*z = -31, 0 = -x*p + 3*z + 49. Calculate the remainder when p is divided by 4.
0
Let h = 103 + -101. Suppose 0 = 4*t - 5*v - 156, 2*t - h*v - 24 = 54. What is the remainder when 85 is divided by t?
7
Suppose 5*n + 15 = 0, 0 = -s + 5*n - n + 20. Let t(c) = 4*c - 36 + 6*c**2 - 5*c**3 + 4*c**3 + 26. What is the remainder when t(4) is divided by s?
6
Suppose -2125 = -5*f + 2*k, 1275 = 3*f - 3*k - 2*k. Let j = 505 - f. What is the remainder when 877 is divided by j?
77
Let d be 3/9*-13*(-8 - -5). Let u(s) = -s**2 + 20 - 8 + 3 + d + 10*s. What is the remainder when 38 is divided by u(12)?
2
Let h(q) = q**3 - 2*q**2 + 3*q - 17. What is the remainder when (-585)/(-11) + (-80)/440 is divided by h(4)?
26
Let i be 3 - 6/3 - -3. Suppose 0 = p - i*p + 60. Suppose -272 = -6*g - 206. Calculate the remainder when p is divided by g.
9
Let k = -9 - -78. Let m be (3 - -65) + 10/2. Suppose -4*z - 25 + m = 0. Calculate the remainder when k is divided by z.
9
Suppose -2*i + 67 = 7. Suppose 4*c - 42 + 8 = -5*f, -66 = -3*c + 3*f. What is the remainder when i/(-4)*(-5 + 1) is divided by c?
14
Let s = 61 + -59. Suppose -124 = -2*v - s*x, -9*v + 5*x = -4*v - 280. What is the remainder when v is divided by 17?
8
Suppose 11 = 9*z - 34. Suppose 0 = -4*s - m + 51, -2*s + 8 = 5*m - 13. What is the remainder when s is divided by z?
3
Suppose 5*y = 3*n + 2178, n = 133*y - 137*y + 1722. What is the remainder when y is divided by 121?
69
Let z = -5840 - -5873. What is the remainder when 459 is divided by z?
30
Suppose k + 5 = 20. What is the remainder when k is divided by -1*10/55 + (-112)/(-11)?
5
Let f(l) = 10*l - 2. Calculate the remainder when f(6) is divided by (0 + (-10)/(-3))/((110/(-36))/(-11)).
10
Let w(a) = -11*a - 20. Let d be w(-5). Suppose -p + 57 = 4*i - d, 3*p = 2*i + 290. Suppose 9*j = 5*j + p. What is the remainder when 69 is divided by j?
21
Suppose 14*f = -146637 + 148359. Suppose 0*s - 5*s + 70 = 0. What is the remainder when f is divided by s?
11
Suppose 0 = 5*h + o - 67, -171 = -3*h - 2*o - 128. Calculate the remainder when 198 is divided by h.
3
Let s be 13 - 15 - (-19 - -4). Let i(n) = 1 - 5 + n**2 - 15 - 7*n. What is the remainder when i(s) is divided by 21?
17
Let m(d) = 3*d**3 + 6*d**2 + d - 2. Let o be m(-2). Let i(u) = u**3 + 5*u**2 + 6*u + 9. What is the remainder when 7 is divided by i(o)?
0
Let g = 83 - 77. What is the remainder when 161 is divided by (-12)/(g/(